{"id":18589,"date":"2025-07-18T15:50:06","date_gmt":"2025-07-18T20:50:06","guid":{"rendered":"https:\/\/feeltourismexperiences.com\/?page_id=18589"},"modified":"2025-07-30T12:56:20","modified_gmt":"2025-07-30T17:56:20","slug":"transporte","status":"publish","type":"page","link":"https:\/\/feeltourismexperiences.com\/es\/guia-de-ciudad-medellin\/transporte\/","title":{"rendered":"Transporte"},"content":{"rendered":"\t\t<div data-elementor-type=\"wp-page\" data-elementor-id=\"18589\" class=\"elementor elementor-18589 elementor-18180\">\n\t\t\t\t<div class=\"elementor-element elementor-element-107a385 e-flex e-con-boxed e-con e-parent\" data-id=\"107a385\" data-element_type=\"container\" data-e-type=\"container\">\n\t\t\t\t\t<div class=\"e-con-inner\">\n\t\t\t\t<div class=\"elementor-element elementor-element-e5c5d05 elementor-widget elementor-widget-heading\" data-id=\"e5c5d05\" data-element_type=\"widget\" data-e-type=\"widget\" data-widget_type=\"heading.default\">\n\t\t\t\t<div class=\"elementor-widget-container\">\n\t\t\t\t\t<h2 class=\"elementor-heading-title elementor-size-default\">Descubre nuestra categor\u00eda de transporte, que abarca desde servicios de transporte privado hasta pr\u00e1cticos alquileres de veh\u00edculos. Sum\u00e9rgete en un viaje sin contratiempos, ya sea que prefieras la comodidad de viajes privados o la flexibilidad de alquilar tu propio veh\u00edculo.<\/h2>\t\t\t\t<\/div>\n\t\t\t\t<\/div>\n\t\t\t\t<div class=\"elementor-element elementor-element-af0f138 elementor-widget__width-inherit elementor-widget elementor-widget-visual-portfolio\" data-id=\"af0f138\" data-element_type=\"widget\" data-e-type=\"widget\" data-widget_type=\"visual-portfolio.default\">\n\t\t\t\t<div class=\"elementor-widget-container\">\n\t\t\t\t\t\t\t<div\n\t\t\t\t\t>\n\t\t\t\t\t\t\t\n<div class=\"vp-portfolio vp-uid-92c8b2d4 vp-id-17984 \"\n\tdata-vp-layout=\"tiles\" data-vp-content-source=\"post-based\" data-vp-items-style=\"default\" data-vp-items-click-action=\"url\" data-vp-items-gap=\"15\" data-vp-items-gap-vertical=\"120\" data-vp-pagination=\"infinite\" data-vp-next-page-url=\"\" data-vp-tiles-type=\"3|1,1|\" >\n\t<div class=\"vp-portfolio__preloader-wrap\">\n\t\t<div class=\"vp-portfolio__preloader\">\n\t\t\t<img decoding=\"async\" loading=\"eager\" src=\"https:\/\/feeltourismexperiences.com\/wp-content\/plugins\/visual-portfolio\/assets\/images\/logo-dark.svg\" alt=\"Visual Portfolio, Posts &amp; Image Gallery para WordPress\" width=\"20\" height=\"20\" data-skip-lazy>\n\t\t<\/div>\n\t<\/div>\n\t\t<div class=\"vp-portfolio__layout-elements vp-portfolio__layout-elements-top vp-portfolio__layout-elements-align-center\">\n\t\t\t\t<div class=\"vp-portfolio__filter-wrap\">\n\t\t\n<div class=\"vp-filter vp-filter__style-minimal\">\n\t\t\t<div class=\"vp-filter__item vp-filter__item-active\">\n\t\t\t<a href=\"https:\/\/feeltourismexperiences.com\/es\/wp-json\/wp\/v2\/pages\/18589\" data-vp-filter=\"*\">\n\t\t\t\tTodos\n\t\t\t\t\t\t\t<\/a>\n\t\t<\/div>\n\t\t\t\t<div class=\"vp-filter__item\">\n\t\t\t<a href=\"https:\/\/feeltourismexperiences.com\/es\/wp-json\/wp\/v2\/pages\/18589?vp_filter=transportation_modes%3Aalquiler-de-vehiculos\" data-vp-filter=\"alquiler-de-vehiculos\">\n\t\t\t\tAlquiler de Veh\u00edculos\n\t\t\t\t\t\t\t<\/a>\n\t\t<\/div>\n\t\t\t\t<div class=\"vp-filter__item\">\n\t\t\t<a href=\"https:\/\/feeltourismexperiences.com\/es\/wp-json\/wp\/v2\/pages\/18589?vp_filter=transportation_modes%3Atransporte-privado\" data-vp-filter=\"transporte-privado\">\n\t\t\t\tTransporte Privado\n\t\t\t\t\t\t\t<\/a>\n\t\t<\/div>\n\t\t<\/div>\n\t\t<\/div>\n\t\t\t\t<\/div>\n\t\t\t\t<div class=\"vp-portfolio__items-wrap\">\n\t\t\t\n<div class=\"vp-portfolio__items vp-portfolio__items-style-default vp-portfolio__items-show-overlay-hover\">\n\n\t\t<article\t\tclass=\"vp-portfolio__item-wrap post-18647 transportation type-transportation status-publish format-standard has-post-thumbnail hentry transportation_modes-transporte-privado location-medellin-es vp-portfolio__item-uid-9d7c599a\" data-vp-filter=\"transporte-privado\" \t\t>\n\t\t\t\t\t\t\t\t\t<figure class=\"vp-portfolio__item\">\n\t\t\t\t\n<div class=\"vp-portfolio__item-img-wrap\">\n\t<div class=\"vp-portfolio__item-img\">\n\t\t\t<a\n\t\thref=\"https:\/\/feeltourismexperiences.com\/es\/transportation\/transporte-y-servicios-especiales-medellin\/\"\n\t\taria-label=\"Transporte y Servicios Especiales\" \t>\n\t\n\t\t<img fetchpriority=\"high\" decoding=\"async\" width=\"1200\" height=\"1000\" src=\"https:\/\/feeltourismexperiences.com\/wp-content\/uploads\/2025\/07\/Transporte-y-Servicios-Especiales-Medellin_XnConvert-1-1200x1000.webp\" class=\"wp-image-18646\" alt=\"\" \/>\n\t\t<div class=\"vp-portfolio__item-overlay\">\n\t\t\t\t\t<\/div>\n\n\t\t<\/a>\t<\/div>\n<\/div>\n\n\t<figcaption class=\"vp-portfolio__item-caption vp-portfolio__item-caption-text-align-center\">\n\t\t<div class=\"vp-portfolio__item-meta\">\n\t\t\t\n<h5 class=\"vp-portfolio__item-meta-title\">\n\t\t<a\n\t\thref=\"https:\/\/feeltourismexperiences.com\/es\/transportation\/transporte-y-servicios-especiales-medellin\/\"\n\t\t\t>\n\tTransporte y Servicios Especiales<\/a><\/h5>\n\n<div class=\"vp-portfolio__item-meta-excerpt\">\n\t<div>\n\t\t<p>Medell\u00edn<br \/>\nwww.transportesmedellin.com<\/p>\n\t<\/div>\n<\/div>\n\t\t<\/div>\n\t<\/figcaption>\n\t\t\t<\/figure>\n\t\t\t\t\t<\/article>\n\t\t\n\t\t<article\t\tclass=\"vp-portfolio__item-wrap post-18649 transportation type-transportation status-publish format-standard has-post-thumbnail hentry transportation_modes-alquiler-de-vehiculos location-medellin-es vp-portfolio__item-uid-7ac4749d\" data-vp-filter=\"alquiler-de-vehiculos\" \t\t>\n\t\t\t\t\t\t\t\t\t<figure class=\"vp-portfolio__item\">\n\t\t\t\t\n<div class=\"vp-portfolio__item-img-wrap\">\n\t<div class=\"vp-portfolio__item-img\">\n\t\t\t<a\n\t\thref=\"https:\/\/feeltourismexperiences.com\/es\/transportation\/rent-a-car-medellin\/\"\n\t\taria-label=\"Rent a Car Medell\u00edn\" \t>\n\t\n\t\t<img decoding=\"async\" width=\"1200\" height=\"1000\" src=\"https:\/\/feeltourismexperiences.com\/wp-content\/uploads\/2025\/07\/Rent-a-Car-Medellin_XnConvert-1-1200x1000.webp\" class=\"wp-image-18644\" alt=\"\" \/>\n\t\t<div class=\"vp-portfolio__item-overlay\">\n\t\t\t\t\t<\/div>\n\n\t\t<\/a>\t<\/div>\n<\/div>\n\n\t<figcaption class=\"vp-portfolio__item-caption vp-portfolio__item-caption-text-align-center\">\n\t\t<div class=\"vp-portfolio__item-meta\">\n\t\t\t\n<h5 class=\"vp-portfolio__item-meta-title\">\n\t\t<a\n\t\thref=\"https:\/\/feeltourismexperiences.com\/es\/transportation\/rent-a-car-medellin\/\"\n\t\t\t>\n\tRent a Car Medell\u00edn<\/a><\/h5>\n\n<div class=\"vp-portfolio__item-meta-excerpt\">\n\t<div>\n\t\t<p>Varias sedes en Medell\u00edn<br \/>\nwww.rentacarmedellin.co<\/p>\n\t<\/div>\n<\/div>\n\t\t<\/div>\n\t<\/figcaption>\n\t\t\t<\/figure>\n\t\t\t\t\t<\/article>\n\t\t\n\t\t<article\t\tclass=\"vp-portfolio__item-wrap post-18652 transportation type-transportation status-publish format-standard has-post-thumbnail hentry transportation_modes-alquiler-de-vehiculos location-medellin-es vp-portfolio__item-uid-f40d9c54\" data-vp-filter=\"alquiler-de-vehiculos\" \t\t>\n\t\t\t\t\t\t\t\t\t<figure class=\"vp-portfolio__item\">\n\t\t\t\t\n<div class=\"vp-portfolio__item-img-wrap\">\n\t<div class=\"vp-portfolio__item-img\">\n\t\t\t<a\n\t\thref=\"https:\/\/feeltourismexperiences.com\/es\/transportation\/localiza-rent-a-car\/\"\n\t\taria-label=\"Localiza Rent a Car\" \t>\n\t\n\t\t<img decoding=\"async\" width=\"1200\" height=\"1000\" src=\"https:\/\/feeltourismexperiences.com\/wp-content\/uploads\/2025\/07\/Localiza-Rent-a-Car_XnConvert-1-1200x1000.webp\" class=\"wp-image-18642\" alt=\"\" \/>\n\t\t<div class=\"vp-portfolio__item-overlay\">\n\t\t\t\t\t<\/div>\n\n\t\t<\/a>\t<\/div>\n<\/div>\n\n\t<figcaption class=\"vp-portfolio__item-caption vp-portfolio__item-caption-text-align-center\">\n\t\t<div class=\"vp-portfolio__item-meta\">\n\t\t\t\n<h5 class=\"vp-portfolio__item-meta-title\">\n\t\t<a\n\t\thref=\"https:\/\/feeltourismexperiences.com\/es\/transportation\/localiza-rent-a-car\/\"\n\t\t\t>\n\tLocaliza Rent a Car<\/a><\/h5>\n\n<div class=\"vp-portfolio__item-meta-excerpt\">\n\t<div>\n\t\t<p>Varias sedes en Medell\u00edn<br \/>\nwww.localiza.com<\/p>\n\t<\/div>\n<\/div>\n\t\t<\/div>\n\t<\/figcaption>\n\t\t\t<\/figure>\n\t\t\t\t\t<\/article>\n\t\t\n<\/div>\n\t\t<\/div>\n\t\t\t\t<div class=\"vp-portfolio__layout-elements vp-portfolio__layout-elements-bottom vp-portfolio__layout-elements-align-center\">\n\t\t\t\t<div class=\"vp-portfolio__pagination-wrap\">\n\t\t\n<div class=\"vp-pagination vp-pagination__no-more vp-pagination__style-minimal\" data-vp-pagination-type=\"infinite\">\n\t<div class=\"vp-pagination__item\">\n\t\t<a class=\"vp-pagination__load-more\" href=\"\">\n\t\t\t<span>Load More<\/span>\n\t\t\t<span class=\"vp-pagination__load-more-loading\"><span class=\"vp-spinner\"><\/span><span class=\"vp-screen-reader-text\"> Loading More...<\/span><\/span>\n\t\t\t<span class=\"vp-pagination__load-more-no-more\"><\/span>\n\t\t<\/a>\n\t<\/div>\n<\/div>\n\t\t<\/div>\n\t\t\t\t<\/div>\n\t\t\n<\/div>\n\t\t\t\t\t<\/div>\n\t\t\t\t\t\t<\/div>\n\t\t\t\t<\/div>\n\t\t\t\t\t<\/div>\n\t\t\t\t<\/div>\n\t\t\t\t<\/div>\n\t\t","protected":false},"excerpt":{"rendered":"<p>Descubre nuestra categor\u00eda de transporte, que abarca desde servicios de transporte privado hasta pr\u00e1cticos alquileres de veh\u00edculos. Sum\u00e9rgete en un viaje sin contratiempos, ya sea que prefieras la comodidad de viajes privados o la flexibilidad de alquilar tu propio veh\u00edculo.<\/p>\n","protected":false},"author":1,"featured_media":17048,"parent":18560,"menu_order":0,"comment_status":"closed","ping_status":"closed","template":"template-blank.php","meta":{"_vp_format_video_url":"","_vp_image_focal_point":[],"_joinchat":[],"footnotes":""},"class_list":["post-18589","page","type-page","status-publish","has-post-thumbnail","hentry"],"_links":{"self":[{"href":"https:\/\/feeltourismexperiences.com\/es\/wp-json\/wp\/v2\/pages\/18589","targetHints":{"allow":["GET"]}}],"collection":[{"href":"https:\/\/feeltourismexperiences.com\/es\/wp-json\/wp\/v2\/pages"}],"about":[{"href":"https:\/\/feeltourismexperiences.com\/es\/wp-json\/wp\/v2\/types\/page"}],"author":[{"embeddable":true,"href":"https:\/\/feeltourismexperiences.com\/es\/wp-json\/wp\/v2\/users\/1"}],"replies":[{"embeddable":true,"href":"https:\/\/feeltourismexperiences.com\/es\/wp-json\/wp\/v2\/comments?post=18589"}],"version-history":[{"count":4,"href":"https:\/\/feeltourismexperiences.com\/es\/wp-json\/wp\/v2\/pages\/18589\/revisions"}],"predecessor-version":[{"id":18622,"href":"https:\/\/feeltourismexperiences.com\/es\/wp-json\/wp\/v2\/pages\/18589\/revisions\/18622"}],"up":[{"embeddable":true,"href":"https:\/\/feeltourismexperiences.com\/es\/wp-json\/wp\/v2\/pages\/18560"}],"wp:featuredmedia":[{"embeddable":true,"href":"https:\/\/feeltourismexperiences.com\/es\/wp-json\/wp\/v2\/media\/17048"}],"wp:attachment":[{"href":"https:\/\/feeltourismexperiences.com\/es\/wp-json\/wp\/v2\/media?parent=18589"}],"curies":[{"name":"wp","href":"https:\/\/api.w.org\/{rel}","templated":true}]}}

<div data-elementor-type="wp-page" data-elementor-id="18589" class="elementor elementor-18589 elementor-18180">
				<div class="elementor-element elementor-element-107a385 e-flex e-con-boxed e-con e-parent" data-id="107a385" data-element_type="container" data-e-type="container">
					<div class="e-con-inner">
				<div class="elementor-element elementor-element-e5c5d05 elementor-widget elementor-widget-heading" data-id="e5c5d05" data-element_type="widget" data-e-type="widget" data-widget_type="heading.default">
				<div class="elementor-widget-container">
					<h2 class="elementor-heading-title elementor-size-default">Descubre nuestra categoría de transporte, que abarca desde servicios de transporte privado hasta prácticos alquileres de vehículos. Sumérgete en un viaje sin contratiempos, ya sea que prefieras la comodidad de viajes privados o la flexibilidad de alquilar tu propio vehículo.</h2>				</div>
				</div>
				<div class="elementor-element elementor-element-af0f138 elementor-widget__width-inherit elementor-widget elementor-widget-visual-portfolio" data-id="af0f138" data-element_type="widget" data-e-type="widget" data-widget_type="visual-portfolio.default">
				<div class="elementor-widget-container">
							<div
					>
							
<div class="vp-portfolio vp-uid-92c8b2d4 vp-id-17984 "
	data-vp-layout="tiles" data-vp-content-source="post-based" data-vp-items-style="default" data-vp-items-click-action="url" data-vp-items-gap="15" data-vp-items-gap-vertical="120" data-vp-pagination="infinite" data-vp-next-page-url="" data-vp-tiles-type="3|1,1|" >
	<div class="vp-portfolio__preloader-wrap">
		<div class="vp-portfolio__preloader">
			<img decoding="async" loading="eager" src="https://feeltourismexperiences.com/wp-content/plugins/visual-portfolio/assets/images/logo-dark.svg" alt="Visual Portfolio, Posts &amp; Image Gallery para WordPress" width="20" height="20" data-skip-lazy>
		</div>
	</div>
		<div class="vp-portfolio__layout-elements vp-portfolio__layout-elements-top vp-portfolio__layout-elements-align-center">
				<div class="vp-portfolio__filter-wrap">
		
<div class="vp-filter vp-filter__style-minimal">
			<div class="vp-filter__item vp-filter__item-active">
			<a href="https://feeltourismexperiences.com/es/wp-json/wp/v2/pages/18589" data-vp-filter="*">
				Todos
							</a>
		</div>
				<div class="vp-filter__item">
			<a href="https://feeltourismexperiences.com/es/wp-json/wp/v2/pages/18589?vp_filter=transportation_modes%3Aalquiler-de-vehiculos" data-vp-filter="alquiler-de-vehiculos">
				Alquiler de Vehículos
							</a>
		</div>
				<div class="vp-filter__item">
			<a href="https://feeltourismexperiences.com/es/wp-json/wp/v2/pages/18589?vp_filter=transportation_modes%3Atransporte-privado" data-vp-filter="transporte-privado">
				Transporte Privado
							</a>
		</div>
		</div>
		</div>
				</div>
				<div class="vp-portfolio__items-wrap">
			
<div class="vp-portfolio__items vp-portfolio__items-style-default vp-portfolio__items-show-overlay-hover">

		<article		class="vp-portfolio__item-wrap post-18647 transportation type-transportation status-publish format-standard has-post-thumbnail hentry transportation_modes-transporte-privado location-medellin-es vp-portfolio__item-uid-9d7c599a" data-vp-filter="transporte-privado" 		>
									<figure class="vp-portfolio__item">
				
<div class="vp-portfolio__item-img-wrap">
	<div class="vp-portfolio__item-img">
			<a
		href="https://feeltourismexperiences.com/es/transportation/transporte-y-servicios-especiales-medellin/"
		aria-label="Transporte y Servicios Especiales" 	>
	
		<img fetchpriority="high" decoding="async" width="1200" height="1000" src="https://feeltourismexperiences.com/wp-content/uploads/2025/07/Transporte-y-Servicios-Especiales-Medellin_XnConvert-1-1200x1000.webp" class="wp-image-18646" alt="" />
		<div class="vp-portfolio__item-overlay">
					</div>

		</a>	</div>
</div>

	<figcaption class="vp-portfolio__item-caption vp-portfolio__item-caption-text-align-center">
		<div class="vp-portfolio__item-meta">
			
<h5 class="vp-portfolio__item-meta-title">
		<a
		href="https://feeltourismexperiences.com/es/transportation/transporte-y-servicios-especiales-medellin/"
			>
	Transporte y Servicios Especiales</a></h5>

<div class="vp-portfolio__item-meta-excerpt">
	<div>
		<p>Medellín<br />
www.transportesmedellin.com</p>
	</div>
</div>
		</div>
	</figcaption>
			</figure>
					</article>
		
		<article		class="vp-portfolio__item-wrap post-18649 transportation type-transportation status-publish format-standard has-post-thumbnail hentry transportation_modes-alquiler-de-vehiculos location-medellin-es vp-portfolio__item-uid-7ac4749d" data-vp-filter="alquiler-de-vehiculos" 		>
									<figure class="vp-portfolio__item">
				
<div class="vp-portfolio__item-img-wrap">
	<div class="vp-portfolio__item-img">
			<a
		href="https://feeltourismexperiences.com/es/transportation/rent-a-car-medellin/"
		aria-label="Rent a Car Medellín" 	>
	
		<img decoding="async" width="1200" height="1000" src="https://feeltourismexperiences.com/wp-content/uploads/2025/07/Rent-a-Car-Medellin_XnConvert-1-1200x1000.webp" class="wp-image-18644" alt="" />
		<div class="vp-portfolio__item-overlay">
					</div>

		</a>	</div>
</div>

	<figcaption class="vp-portfolio__item-caption vp-portfolio__item-caption-text-align-center">
		<div class="vp-portfolio__item-meta">
			
<h5 class="vp-portfolio__item-meta-title">
		<a
		href="https://feeltourismexperiences.com/es/transportation/rent-a-car-medellin/"
			>
	Rent a Car Medellín</a></h5>

<div class="vp-portfolio__item-meta-excerpt">
	<div>
		<p>Varias sedes en Medellín<br />
www.rentacarmedellin.co</p>
	</div>
</div>
		</div>
	</figcaption>
			</figure>
					</article>
		
		<article		class="vp-portfolio__item-wrap post-18652 transportation type-transportation status-publish format-standard has-post-thumbnail hentry transportation_modes-alquiler-de-vehiculos location-medellin-es vp-portfolio__item-uid-f40d9c54" data-vp-filter="alquiler-de-vehiculos" 		>
									<figure class="vp-portfolio__item">
				
<div class="vp-portfolio__item-img-wrap">
	<div class="vp-portfolio__item-img">
			<a
		href="https://feeltourismexperiences.com/es/transportation/localiza-rent-a-car/"
		aria-label="Localiza Rent a Car" 	>
	
		<img decoding="async" width="1200" height="1000" src="https://feeltourismexperiences.com/wp-content/uploads/2025/07/Localiza-Rent-a-Car_XnConvert-1-1200x1000.webp" class="wp-image-18642" alt="" />
		<div class="vp-portfolio__item-overlay">
					</div>

		</a>	</div>
</div>

	<figcaption class="vp-portfolio__item-caption vp-portfolio__item-caption-text-align-center">
		<div class="vp-portfolio__item-meta">
			
<h5 class="vp-portfolio__item-meta-title">
		<a
		href="https://feeltourismexperiences.com/es/transportation/localiza-rent-a-car/"
			>
	Localiza Rent a Car</a></h5>

<div class="vp-portfolio__item-meta-excerpt">
	<div>
		<p>Varias sedes en Medellín<br />
www.localiza.com</p>
	</div>
</div>
		</div>
	</figcaption>
			</figure>
					</article>
		
</div>
		</div>
				<div class="vp-portfolio__layout-elements vp-portfolio__layout-elements-bottom vp-portfolio__layout-elements-align-center">
				<div class="vp-portfolio__pagination-wrap">
		
<div class="vp-pagination vp-pagination__no-more vp-pagination__style-minimal" data-vp-pagination-type="infinite">
	<div class="vp-pagination__item">
		<a class="vp-pagination__load-more" href="">
			<span>Load More</span>
			<span class="vp-pagination__load-more-loading"><span class="vp-spinner"></span><span class="vp-screen-reader-text"> Loading More...</span></span>
			<span class="vp-pagination__load-more-no-more"></span>
		</a>
	</div>
</div>
		</div>
				</div>
		
</div>
					</div>
						</div>
				</div>
					</div>
				</div>
				</div>

<p>Descubre nuestra categoría de transporte, que abarca desde servicios de transporte privado hasta prácticos alquileres de vehículos. Sumérgete en un viaje sin contratiempos, ya sea que prefieras la comodidad de viajes privados o la flexibilidad de alquilar tu propio vehículo.</p>
